{"version":"1.0","provider_name":"Fundaci\u00f3n Mutua de Propietarios","provider_url":"https:\/\/www.fundacionmdp.org\/ca\/","author_name":"fundacionmdp","author_url":"https:\/\/www.fundacionmdp.org\/ca\/author\/fundacionmdp\/","title":"Roda de premsa de la Fundaci\u00f3 - Fundaci\u00f3n Mutua de Propietarios","type":"rich","width":600,"height":338,"html":"<blockquote class=\"wp-embedded-content\" data-secret=\"cXUZkDYnAF\"><a href=\"https:\/\/www.fundacionmdp.org\/ca\/roda-de-premsa-de-la-fundacio\/\">Roda de premsa de la Fundaci\u00f3<\/a><\/blockquote><iframe sandbox=\"allow-scripts\" security=\"restricted\" src=\"https:\/\/www.fundacionmdp.org\/ca\/roda-de-premsa-de-la-fundacio\/embed\/#?secret=cXUZkDYnAF\" width=\"600\" height=\"338\" title=\"&#8220;Roda de premsa de la Fundaci\u00f3&#8221; &#8212; Fundaci\u00f3n Mutua de Propietarios\" data-secret=\"cXUZkDYnAF\" frameborder=\"0\" marginwidth=\"0\" marginheight=\"0\" scrolling=\"no\" class=\"wp-embedded-content\"><\/iframe><script>\n\/*! This file is auto-generated *\/\n!function(d,l){\"use strict\";l.querySelector&&d.addEventListener&&\"undefined\"!=typeof URL&&(d.wp=d.wp||{},d.wp.receiveEmbedMessage||(d.wp.receiveEmbedMessage=function(e){var t=e.data;if((t||t.secret||t.message||t.value)&&!\/[^a-zA-Z0-9]\/.test(t.secret)){for(var s,r,n,a=l.querySelectorAll('iframe[data-secret=\"'+t.secret+'\"]'),o=l.querySelectorAll('blockquote[data-secret=\"'+t.secret+'\"]'),c=new RegExp(\"^https?:$\",\"i\"),i=0;i<o.length;i++)o[i].style.display=\"none\";for(i=0;i<a.length;i++)s=a[i],e.source===s.contentWindow&&(s.removeAttribute(\"style\"),\"height\"===t.message?(1e3<(r=parseInt(t.value,10))?r=1e3:~~r<200&&(r=200),s.height=r):\"link\"===t.message&&(r=new URL(s.getAttribute(\"src\")),n=new URL(t.value),c.test(n.protocol))&&n.host===r.host&&l.activeElement===s&&(d.top.location.href=t.value))}},d.addEventListener(\"message\",d.wp.receiveEmbedMessage,!1),l.addEventListener(\"DOMContentLoaded\",function(){for(var e,t,s=l.querySelectorAll(\"iframe.wp-embedded-content\"),r=0;r<s.length;r++)(t=(e=s[r]).getAttribute(\"data-secret\"))||(t=Math.random().toString(36).substring(2,12),e.src+=\"#?secret=\"+t,e.setAttribute(\"data-secret\",t)),e.contentWindow.postMessage({message:\"ready\",secret:t},\"*\")},!1)))}(window,document);\n\/\/# sourceURL=https:\/\/www.fundacionmdp.org\/wp-includes\/js\/wp-embed.min.js\n<\/script>\n","thumbnail_url":"https:\/\/www.fundacionmdp.org\/wp-content\/uploads\/2023\/05\/RuedaPrensaFundacion.jpg","thumbnail_width":1280,"thumbnail_height":736,"description":"Els habitatges espanyols suspenen en accesibilitat universal Iniciem el dia amb una roda de premsa per presentar el primer estudi de la Fundaci\u00f3 Mutua de Propietarios, el qual posa en evid\u00e8ncia que els habitatges espanyols suspenen en accessibilitat universal. Els ponents que van participar son els seg\u00fcents: Sr. Miquel Perdiguer, President de la Fundaci\u00f3 Mutua [&hellip;]"}

Fundación Mutua de Propietarios

Roda de premsa de la Fundació - Fundación Mutua de Propietarios

<blockquote class="wp-embedded-content" data-secret="cXUZkDYnAF"><a href="https://www.fundacionmdp.org/ca/roda-de-premsa-de-la-fundacio/">Roda de premsa de la Fundació</a></blockquote><iframe sandbox="allow-scripts" security="restricted" src="https://www.fundacionmdp.org/ca/roda-de-premsa-de-la-fundacio/embed/#?secret=cXUZkDYnAF" width="600" height="338" title="&#8220;Roda de premsa de la Fundació&#8221; &#8212; Fundación Mutua de Propietarios" data-secret="cXUZkDYnAF" frameborder="0" marginwidth="0" marginheight="0" scrolling="no" class="wp-embedded-content"></iframe><script>
/*! This file is auto-generated */
!function(d,l){"use strict";l.querySelector&&d.addEventListener&&"undefined"!=typeof URL&&(d.wp=d.wp||{},d.wp.receiveEmbedMessage||(d.wp.receiveEmbedMessage=function(e){var t=e.data;if((t||t.secret||t.message||t.value)&&!/[^a-zA-Z0-9]/.test(t.secret)){for(var s,r,n,a=l.querySelectorAll('iframe[data-secret="'+t.secret+'"]'),o=l.querySelectorAll('blockquote[data-secret="'+t.secret+'"]'),c=new RegExp("^https?:$","i"),i=0;i<o.length;i++)o[i].style.display="none";for(i=0;i<a.length;i++)s=a[i],e.source===s.contentWindow&&(s.removeAttribute("style"),"height"===t.message?(1e3<(r=parseInt(t.value,10))?r=1e3:~~r<200&&(r=200),s.height=r):"link"===t.message&&(r=new URL(s.getAttribute("src")),n=new URL(t.value),c.test(n.protocol))&&n.host===r.host&&l.activeElement===s&&(d.top.location.href=t.value))}},d.addEventListener("message",d.wp.receiveEmbedMessage,!1),l.addEventListener("DOMContentLoaded",function(){for(var e,t,s=l.querySelectorAll("iframe.wp-embedded-content"),r=0;r<s.length;r++)(t=(e=s[r]).getAttribute("data-secret"))||(t=Math.random().toString(36).substring(2,12),e.src+="#?secret="+t,e.setAttribute("data-secret",t)),e.contentWindow.postMessage({message:"ready",secret:t},"*")},!1)))}(window,document);
//# sourceURL=https://www.fundacionmdp.org/wp-includes/js/wp-embed.min.js
</script>

Els habitatges espanyols suspenen en accesibilitat universal Iniciem el dia amb una roda de premsa per presentar el primer estudi de la Fundació Mutua de Propietarios, el qual posa en evidència que els habitatges espanyols suspenen en accessibilitat universal. Els ponents que van participar son els següents: Sr. Miquel Perdiguer, President de la Fundació Mutua [&hellip;]
