{"id":11265,"date":"2025-04-08T10:38:21","date_gmt":"2025-04-08T08:38:21","guid":{"rendered":"https:\/\/www.fundacionmdp.org\/?post_type=eventos&#038;p=11265"},"modified":"2025-04-08T10:38:10","modified_gmt":"2025-04-08T08:38:10","slug":"sessio-informativa-dels-ajuts-directes-convocatoria-2025","status":"publish","type":"eventos","link":"https:\/\/www.fundacionmdp.org\/ca\/eventos\/sessio-informativa-dels-ajuts-directes-convocatoria-2025\/","title":{"rendered":"Sessi\u00f3 informativa dels Ajuts Directes, Convocat\u00f2ria 2025"},"content":{"rendered":"","protected":false},"featured_media":0,"template":"","class_list":["post-11265","eventos","type-eventos","status-publish","hentry","entry"],"acf":[],"yoast_head":"<!-- This site is optimized with the Yoast SEO plugin v27.3 - https:\/\/yoast.com\/product\/yoast-seo-wordpress\/ -->\n<title>Sessi\u00f3 informativa dels Ajuts Directes, Convocat\u00f2ria 2025 - Fundaci\u00f3n Mutua de Propietarios<\/title>\n<meta name=\"robots\" content=\"index, follow, max-snippet:-1, max-image-preview:large, max-video-preview:-1\" \/>\n<link rel=\"canonical\" href=\"https:\/\/www.fundacionmdp.org\/ca\/eventos\/sessio-informativa-dels-ajuts-directes-convocatoria-2025\/\" \/>\n<meta property=\"og:locale\" content=\"ca_ES\" \/>\n<meta property=\"og:type\" content=\"article\" \/>\n<meta property=\"og:title\" content=\"Sessi\u00f3 informativa dels Ajuts Directes, Convocat\u00f2ria 2025 - Fundaci\u00f3n Mutua de Propietarios\" \/>\n<meta property=\"og:url\" content=\"https:\/\/www.fundacionmdp.org\/ca\/eventos\/sessio-informativa-dels-ajuts-directes-convocatoria-2025\/\" \/>\n<meta property=\"og:site_name\" content=\"Fundaci\u00f3n Mutua de Propietarios\" \/>\n<meta name=\"twitter:card\" content=\"summary_large_image\" \/>\n<script type=\"application\/ld+json\" class=\"yoast-schema-graph\">{\"@context\":\"https:\\\/\\\/schema.org\",\"@graph\":[{\"@type\":\"WebPage\",\"@id\":\"https:\\\/\\\/www.fundacionmdp.org\\\/ca\\\/eventos\\\/sessio-informativa-dels-ajuts-directes-convocatoria-2025\\\/\",\"url\":\"https:\\\/\\\/www.fundacionmdp.org\\\/ca\\\/eventos\\\/sessio-informativa-dels-ajuts-directes-convocatoria-2025\\\/\",\"name\":\"Sessi\u00f3 informativa dels Ajuts Directes, Convocat\u00f2ria 2025 - Fundaci\u00f3n Mutua de Propietarios\",\"isPartOf\":{\"@id\":\"https:\\\/\\\/www.fundacionmdp.org\\\/#website\"},\"datePublished\":\"2025-04-08T08:38:21+00:00\",\"breadcrumb\":{\"@id\":\"https:\\\/\\\/www.fundacionmdp.org\\\/ca\\\/eventos\\\/sessio-informativa-dels-ajuts-directes-convocatoria-2025\\\/#breadcrumb\"},\"inLanguage\":\"ca\",\"potentialAction\":[{\"@type\":\"ReadAction\",\"target\":[\"https:\\\/\\\/www.fundacionmdp.org\\\/ca\\\/eventos\\\/sessio-informativa-dels-ajuts-directes-convocatoria-2025\\\/\"]}]},{\"@type\":\"BreadcrumbList\",\"@id\":\"https:\\\/\\\/www.fundacionmdp.org\\\/ca\\\/eventos\\\/sessio-informativa-dels-ajuts-directes-convocatoria-2025\\\/#breadcrumb\",\"itemListElement\":[{\"@type\":\"ListItem\",\"position\":1,\"name\":\"Home\",\"item\":\"https:\\\/\\\/www.fundacionmdp.org\\\/ca\\\/\"},{\"@type\":\"ListItem\",\"position\":2,\"name\":\"Sessi\u00f3 informativa dels Ajuts Directes, Convocat\u00f2ria 2025\"}]},{\"@type\":\"WebSite\",\"@id\":\"https:\\\/\\\/www.fundacionmdp.org\\\/#website\",\"url\":\"https:\\\/\\\/www.fundacionmdp.org\\\/\",\"name\":\"Fundaci\u00f3n Mutua de Propietarios\",\"description\":\"En la Fundaci\u00f3n Mutua de Propietarios te ayudamos a convertir tu edificio de viviendas en un espacio sin barreras arquitect\u00f3nicas.\",\"publisher\":{\"@id\":\"https:\\\/\\\/www.fundacionmdp.org\\\/#organization\"},\"potentialAction\":[{\"@type\":\"SearchAction\",\"target\":{\"@type\":\"EntryPoint\",\"urlTemplate\":\"https:\\\/\\\/www.fundacionmdp.org\\\/?s={search_term_string}\"},\"query-input\":{\"@type\":\"PropertyValueSpecification\",\"valueRequired\":true,\"valueName\":\"search_term_string\"}}],\"inLanguage\":\"ca\"},{\"@type\":\"Organization\",\"@id\":\"https:\\\/\\\/www.fundacionmdp.org\\\/#organization\",\"name\":\"Fundaci\u00f3n Mutua de Propietarios\",\"url\":\"https:\\\/\\\/www.fundacionmdp.org\\\/\",\"logo\":{\"@type\":\"ImageObject\",\"inLanguage\":\"ca\",\"@id\":\"https:\\\/\\\/www.fundacionmdp.org\\\/#\\\/schema\\\/logo\\\/image\\\/\",\"url\":\"https:\\\/\\\/www.fundacionmdp.org\\\/wp-content\\\/uploads\\\/2023\\\/05\\\/logo_FMdP_cat.png\",\"contentUrl\":\"https:\\\/\\\/www.fundacionmdp.org\\\/wp-content\\\/uploads\\\/2023\\\/05\\\/logo_FMdP_cat.png\",\"width\":655,\"height\":297,\"caption\":\"Fundaci\u00f3n Mutua de Propietarios\"},\"image\":{\"@id\":\"https:\\\/\\\/www.fundacionmdp.org\\\/#\\\/schema\\\/logo\\\/image\\\/\"}}]}<\/script>\n<!-- \/ Yoast SEO plugin. -->","yoast_head_json":{"title":"Sessi\u00f3 informativa dels Ajuts Directes, Convocat\u00f2ria 2025 - Fundaci\u00f3n Mutua de Propietarios","robots":{"index":"index","follow":"follow","max-snippet":"max-snippet:-1","max-image-preview":"max-image-preview:large","max-video-preview":"max-video-preview:-1"},"canonical":"https:\/\/www.fundacionmdp.org\/ca\/eventos\/sessio-informativa-dels-ajuts-directes-convocatoria-2025\/","og_locale":"ca_ES","og_type":"article","og_title":"Sessi\u00f3 informativa dels Ajuts Directes, Convocat\u00f2ria 2025 - Fundaci\u00f3n Mutua de Propietarios","og_url":"https:\/\/www.fundacionmdp.org\/ca\/eventos\/sessio-informativa-dels-ajuts-directes-convocatoria-2025\/","og_site_name":"Fundaci\u00f3n Mutua de Propietarios","twitter_card":"summary_large_image","schema":{"@context":"https:\/\/schema.org","@graph":[{"@type":"WebPage","@id":"https:\/\/www.fundacionmdp.org\/ca\/eventos\/sessio-informativa-dels-ajuts-directes-convocatoria-2025\/","url":"https:\/\/www.fundacionmdp.org\/ca\/eventos\/sessio-informativa-dels-ajuts-directes-convocatoria-2025\/","name":"Sessi\u00f3 informativa dels Ajuts Directes, Convocat\u00f2ria 2025 - Fundaci\u00f3n Mutua de Propietarios","isPartOf":{"@id":"https:\/\/www.fundacionmdp.org\/#website"},"datePublished":"2025-04-08T08:38:21+00:00","breadcrumb":{"@id":"https:\/\/www.fundacionmdp.org\/ca\/eventos\/sessio-informativa-dels-ajuts-directes-convocatoria-2025\/#breadcrumb"},"inLanguage":"ca","potentialAction":[{"@type":"ReadAction","target":["https:\/\/www.fundacionmdp.org\/ca\/eventos\/sessio-informativa-dels-ajuts-directes-convocatoria-2025\/"]}]},{"@type":"BreadcrumbList","@id":"https:\/\/www.fundacionmdp.org\/ca\/eventos\/sessio-informativa-dels-ajuts-directes-convocatoria-2025\/#breadcrumb","itemListElement":[{"@type":"ListItem","position":1,"name":"Home","item":"https:\/\/www.fundacionmdp.org\/ca\/"},{"@type":"ListItem","position":2,"name":"Sessi\u00f3 informativa dels Ajuts Directes, Convocat\u00f2ria 2025"}]},{"@type":"WebSite","@id":"https:\/\/www.fundacionmdp.org\/#website","url":"https:\/\/www.fundacionmdp.org\/","name":"Fundaci\u00f3n Mutua de Propietarios","description":"En la Fundaci\u00f3n Mutua de Propietarios te ayudamos a convertir tu edificio de viviendas en un espacio sin barreras arquitect\u00f3nicas.","publisher":{"@id":"https:\/\/www.fundacionmdp.org\/#organization"},"potentialAction":[{"@type":"SearchAction","target":{"@type":"EntryPoint","urlTemplate":"https:\/\/www.fundacionmdp.org\/?s={search_term_string}"},"query-input":{"@type":"PropertyValueSpecification","valueRequired":true,"valueName":"search_term_string"}}],"inLanguage":"ca"},{"@type":"Organization","@id":"https:\/\/www.fundacionmdp.org\/#organization","name":"Fundaci\u00f3n Mutua de Propietarios","url":"https:\/\/www.fundacionmdp.org\/","logo":{"@type":"ImageObject","inLanguage":"ca","@id":"https:\/\/www.fundacionmdp.org\/#\/schema\/logo\/image\/","url":"https:\/\/www.fundacionmdp.org\/wp-content\/uploads\/2023\/05\/logo_FMdP_cat.png","contentUrl":"https:\/\/www.fundacionmdp.org\/wp-content\/uploads\/2023\/05\/logo_FMdP_cat.png","width":655,"height":297,"caption":"Fundaci\u00f3n Mutua de Propietarios"},"image":{"@id":"https:\/\/www.fundacionmdp.org\/#\/schema\/logo\/image\/"}}]}},"_links":{"self":[{"href":"https:\/\/www.fundacionmdp.org\/ca\/wp-json\/wp\/v2\/eventos\/11265","targetHints":{"allow":["GET"]}}],"collection":[{"href":"https:\/\/www.fundacionmdp.org\/ca\/wp-json\/wp\/v2\/eventos"}],"about":[{"href":"https:\/\/www.fundacionmdp.org\/ca\/wp-json\/wp\/v2\/types\/eventos"}],"wp:attachment":[{"href":"https:\/\/www.fundacionmdp.org\/ca\/wp-json\/wp\/v2\/media?parent=11265"}],"curies":[{"name":"wp","href":"https:\/\/api.w.org\/{rel}","templated":true}]}}

Sessió informativa dels Ajuts Directes, Convocatòria 2025

<!-- This site is optimized with the Yoast SEO plugin v27.3 - https://yoast.com/product/yoast-seo-wordpress/ -->
<title>Sessió informativa dels Ajuts Directes, Convocatòria 2025 - Fundación Mutua de Propietarios</title>
<meta name="robots" content="index, follow, max-snippet:-1, max-image-preview:large, max-video-preview:-1" />
<link rel="canonical" href="https://www.fundacionmdp.org/ca/eventos/sessio-informativa-dels-ajuts-directes-convocatoria-2025/" />
<meta property="og:locale" content="ca_ES" />
<meta property="og:type" content="article" />
<meta property="og:title" content="Sessió informativa dels Ajuts Directes, Convocatòria 2025 - Fundación Mutua de Propietarios" />
<meta property="og:url" content="https://www.fundacionmdp.org/ca/eventos/sessio-informativa-dels-ajuts-directes-convocatoria-2025/" />
<meta property="og:site_name" content="Fundación Mutua de Propietarios" />
<meta name="twitter:card" content="summary_large_image" />
<script type="application/ld+json" class="yoast-schema-graph">{"@context":"https:\/\/schema.org","@graph":[{"@type":"WebPage","@id":"https:\/\/www.fundacionmdp.org\/ca\/eventos\/sessio-informativa-dels-ajuts-directes-convocatoria-2025\/","url":"https:\/\/www.fundacionmdp.org\/ca\/eventos\/sessio-informativa-dels-ajuts-directes-convocatoria-2025\/","name":"Sessió informativa dels Ajuts Directes, Convocatòria 2025 - Fundación Mutua de Propietarios","isPartOf":{"@id":"https:\/\/www.fundacionmdp.org\/#website"},"datePublished":"2025-04-08T08:38:21+00:00","breadcrumb":{"@id":"https:\/\/www.fundacionmdp.org\/ca\/eventos\/sessio-informativa-dels-ajuts-directes-convocatoria-2025\/#breadcrumb"},"inLanguage":"ca","potentialAction":[{"@type":"ReadAction","target":["https:\/\/www.fundacionmdp.org\/ca\/eventos\/sessio-informativa-dels-ajuts-directes-convocatoria-2025\/"]}]},{"@type":"BreadcrumbList","@id":"https:\/\/www.fundacionmdp.org\/ca\/eventos\/sessio-informativa-dels-ajuts-directes-convocatoria-2025\/#breadcrumb","itemListElement":[{"@type":"ListItem","position":1,"name":"Home","item":"https:\/\/www.fundacionmdp.org\/ca\/"},{"@type":"ListItem","position":2,"name":"Sessió informativa dels Ajuts Directes, Convocatòria 2025"}]},{"@type":"WebSite","@id":"https:\/\/www.fundacionmdp.org\/#website","url":"https:\/\/www.fundacionmdp.org\/","name":"Fundación Mutua de Propietarios","description":"En la Fundación Mutua de Propietarios te ayudamos a convertir tu edificio de viviendas en un espacio sin barreras arquitectónicas.","publisher":{"@id":"https:\/\/www.fundacionmdp.org\/#organization"},"potentialAction":[{"@type":"SearchAction","target":{"@type":"EntryPoint","urlTemplate":"https:\/\/www.fundacionmdp.org\/?s={search_term_string}"},"query-input":{"@type":"PropertyValueSpecification","valueRequired":true,"valueName":"search_term_string"}}],"inLanguage":"ca"},{"@type":"Organization","@id":"https:\/\/www.fundacionmdp.org\/#organization","name":"Fundación Mutua de Propietarios","url":"https:\/\/www.fundacionmdp.org\/","logo":{"@type":"ImageObject","inLanguage":"ca","@id":"https:\/\/www.fundacionmdp.org\/#\/schema\/logo\/image\/","url":"https:\/\/www.fundacionmdp.org\/wp-content\/uploads\/2023\/05\/logo_FMdP_cat.png","contentUrl":"https:\/\/www.fundacionmdp.org\/wp-content\/uploads\/2023\/05\/logo_FMdP_cat.png","width":655,"height":297,"caption":"Fundación Mutua de Propietarios"},"image":{"@id":"https:\/\/www.fundacionmdp.org\/#\/schema\/logo\/image\/"}}]}</script>
<!-- / Yoast SEO plugin. -->

Sessió informativa dels Ajuts Directes, Convocatòria 2025 - Fundación Mutua de Propietarios

Fundación Mutua de Propietarios

En la Fundación Mutua de Propietarios te ayudamos a convertir tu edificio de viviendas en un espacio sin barreras arquitectónicas.
