{"id":11966,"date":"2025-10-01T14:47:52","date_gmt":"2025-10-01T12:47:52","guid":{"rendered":"https:\/\/www.fundacionmdp.org\/?post_type=eventos&#038;p=11966"},"modified":"2025-10-01T14:47:25","modified_gmt":"2025-10-01T12:47:25","slug":"ser-tu-voz-uneix-a-17-artistes-per-un-mon-sense-barreres-per-a-impulsar-sumando-voces","status":"publish","type":"eventos","link":"https:\/\/www.fundacionmdp.org\/ca\/eventos\/ser-tu-voz-uneix-a-17-artistes-per-un-mon-sense-barreres-per-a-impulsar-sumando-voces\/","title":{"rendered":"\u2018Ser tu Voz\u2019 uneix a 17 artistes per un m\u00f3n Sense Barreres, per a impulsar \u2018Sumando Voces\u2019\u00a0 \u00a0"},"content":{"rendered":"","protected":false},"featured_media":0,"template":"","class_list":["post-11966","eventos","type-eventos","status-publish","hentry","entry"],"acf":[],"yoast_head":"<!-- This site is optimized with the Yoast SEO plugin v27.3 - https:\/\/yoast.com\/product\/yoast-seo-wordpress\/ -->\n<title>\u2018Ser tu Voz\u2019 uneix a 17 artistes per un m\u00f3n Sense Barreres, per a impulsar \u2018Sumando Voces\u2019\u00a0 \u00a0 - Fundaci\u00f3n Mutua de Propietarios<\/title>\n<meta name=\"robots\" content=\"index, follow, max-snippet:-1, max-image-preview:large, max-video-preview:-1\" \/>\n<link rel=\"canonical\" href=\"https:\/\/www.fundacionmdp.org\/ca\/eventos\/ser-tu-voz-uneix-a-17-artistes-per-un-mon-sense-barreres-per-a-impulsar-sumando-voces\/\" \/>\n<meta property=\"og:locale\" content=\"ca_ES\" \/>\n<meta property=\"og:type\" content=\"article\" \/>\n<meta property=\"og:title\" content=\"\u2018Ser tu Voz\u2019 uneix a 17 artistes per un m\u00f3n Sense Barreres, per a impulsar \u2018Sumando Voces\u2019\u00a0 \u00a0 - Fundaci\u00f3n Mutua de Propietarios\" \/>\n<meta property=\"og:url\" content=\"https:\/\/www.fundacionmdp.org\/ca\/eventos\/ser-tu-voz-uneix-a-17-artistes-per-un-mon-sense-barreres-per-a-impulsar-sumando-voces\/\" \/>\n<meta property=\"og:site_name\" content=\"Fundaci\u00f3n Mutua de Propietarios\" \/>\n<meta name=\"twitter:card\" content=\"summary_large_image\" \/>\n<script type=\"application\/ld+json\" class=\"yoast-schema-graph\">{\"@context\":\"https:\\\/\\\/schema.org\",\"@graph\":[{\"@type\":\"WebPage\",\"@id\":\"https:\\\/\\\/www.fundacionmdp.org\\\/ca\\\/eventos\\\/ser-tu-voz-uneix-a-17-artistes-per-un-mon-sense-barreres-per-a-impulsar-sumando-voces\\\/\",\"url\":\"https:\\\/\\\/www.fundacionmdp.org\\\/ca\\\/eventos\\\/ser-tu-voz-uneix-a-17-artistes-per-un-mon-sense-barreres-per-a-impulsar-sumando-voces\\\/\",\"name\":\"\u2018Ser tu Voz\u2019 uneix a 17 artistes per un m\u00f3n Sense Barreres, per a impulsar \u2018Sumando Voces\u2019\u00a0 \u00a0 - Fundaci\u00f3n Mutua de Propietarios\",\"isPartOf\":{\"@id\":\"https:\\\/\\\/www.fundacionmdp.org\\\/#website\"},\"datePublished\":\"2025-10-01T12:47:52+00:00\",\"breadcrumb\":{\"@id\":\"https:\\\/\\\/www.fundacionmdp.org\\\/ca\\\/eventos\\\/ser-tu-voz-uneix-a-17-artistes-per-un-mon-sense-barreres-per-a-impulsar-sumando-voces\\\/#breadcrumb\"},\"inLanguage\":\"ca\",\"potentialAction\":[{\"@type\":\"ReadAction\",\"target\":[\"https:\\\/\\\/www.fundacionmdp.org\\\/ca\\\/eventos\\\/ser-tu-voz-uneix-a-17-artistes-per-un-mon-sense-barreres-per-a-impulsar-sumando-voces\\\/\"]}]},{\"@type\":\"BreadcrumbList\",\"@id\":\"https:\\\/\\\/www.fundacionmdp.org\\\/ca\\\/eventos\\\/ser-tu-voz-uneix-a-17-artistes-per-un-mon-sense-barreres-per-a-impulsar-sumando-voces\\\/#breadcrumb\",\"itemListElement\":[{\"@type\":\"ListItem\",\"position\":1,\"name\":\"Home\",\"item\":\"https:\\\/\\\/www.fundacionmdp.org\\\/ca\\\/\"},{\"@type\":\"ListItem\",\"position\":2,\"name\":\"\u2018Ser tu Voz\u2019 uneix a 17 artistes per un m\u00f3n Sense Barreres, per a impulsar \u2018Sumando Voces\u2019\u00a0 \u00a0\"}]},{\"@type\":\"WebSite\",\"@id\":\"https:\\\/\\\/www.fundacionmdp.org\\\/#website\",\"url\":\"https:\\\/\\\/www.fundacionmdp.org\\\/\",\"name\":\"Fundaci\u00f3n Mutua de Propietarios\",\"description\":\"En la Fundaci\u00f3n Mutua de Propietarios te ayudamos a convertir tu edificio de viviendas en un espacio sin barreras arquitect\u00f3nicas.\",\"publisher\":{\"@id\":\"https:\\\/\\\/www.fundacionmdp.org\\\/#organization\"},\"potentialAction\":[{\"@type\":\"SearchAction\",\"target\":{\"@type\":\"EntryPoint\",\"urlTemplate\":\"https:\\\/\\\/www.fundacionmdp.org\\\/?s={search_term_string}\"},\"query-input\":{\"@type\":\"PropertyValueSpecification\",\"valueRequired\":true,\"valueName\":\"search_term_string\"}}],\"inLanguage\":\"ca\"},{\"@type\":\"Organization\",\"@id\":\"https:\\\/\\\/www.fundacionmdp.org\\\/#organization\",\"name\":\"Fundaci\u00f3n Mutua de Propietarios\",\"url\":\"https:\\\/\\\/www.fundacionmdp.org\\\/\",\"logo\":{\"@type\":\"ImageObject\",\"inLanguage\":\"ca\",\"@id\":\"https:\\\/\\\/www.fundacionmdp.org\\\/#\\\/schema\\\/logo\\\/image\\\/\",\"url\":\"https:\\\/\\\/www.fundacionmdp.org\\\/wp-content\\\/uploads\\\/2023\\\/05\\\/logo_FMdP_cat.png\",\"contentUrl\":\"https:\\\/\\\/www.fundacionmdp.org\\\/wp-content\\\/uploads\\\/2023\\\/05\\\/logo_FMdP_cat.png\",\"width\":655,\"height\":297,\"caption\":\"Fundaci\u00f3n Mutua de Propietarios\"},\"image\":{\"@id\":\"https:\\\/\\\/www.fundacionmdp.org\\\/#\\\/schema\\\/logo\\\/image\\\/\"}}]}<\/script>\n<!-- \/ Yoast SEO plugin. -->","yoast_head_json":{"title":"\u2018Ser tu Voz\u2019 uneix a 17 artistes per un m\u00f3n Sense Barreres, per a impulsar \u2018Sumando Voces\u2019\u00a0 \u00a0 - Fundaci\u00f3n Mutua de Propietarios","robots":{"index":"index","follow":"follow","max-snippet":"max-snippet:-1","max-image-preview":"max-image-preview:large","max-video-preview":"max-video-preview:-1"},"canonical":"https:\/\/www.fundacionmdp.org\/ca\/eventos\/ser-tu-voz-uneix-a-17-artistes-per-un-mon-sense-barreres-per-a-impulsar-sumando-voces\/","og_locale":"ca_ES","og_type":"article","og_title":"\u2018Ser tu Voz\u2019 uneix a 17 artistes per un m\u00f3n Sense Barreres, per a impulsar \u2018Sumando Voces\u2019\u00a0 \u00a0 - Fundaci\u00f3n Mutua de Propietarios","og_url":"https:\/\/www.fundacionmdp.org\/ca\/eventos\/ser-tu-voz-uneix-a-17-artistes-per-un-mon-sense-barreres-per-a-impulsar-sumando-voces\/","og_site_name":"Fundaci\u00f3n Mutua de Propietarios","twitter_card":"summary_large_image","schema":{"@context":"https:\/\/schema.org","@graph":[{"@type":"WebPage","@id":"https:\/\/www.fundacionmdp.org\/ca\/eventos\/ser-tu-voz-uneix-a-17-artistes-per-un-mon-sense-barreres-per-a-impulsar-sumando-voces\/","url":"https:\/\/www.fundacionmdp.org\/ca\/eventos\/ser-tu-voz-uneix-a-17-artistes-per-un-mon-sense-barreres-per-a-impulsar-sumando-voces\/","name":"\u2018Ser tu Voz\u2019 uneix a 17 artistes per un m\u00f3n Sense Barreres, per a impulsar \u2018Sumando Voces\u2019\u00a0 \u00a0 - Fundaci\u00f3n Mutua de Propietarios","isPartOf":{"@id":"https:\/\/www.fundacionmdp.org\/#website"},"datePublished":"2025-10-01T12:47:52+00:00","breadcrumb":{"@id":"https:\/\/www.fundacionmdp.org\/ca\/eventos\/ser-tu-voz-uneix-a-17-artistes-per-un-mon-sense-barreres-per-a-impulsar-sumando-voces\/#breadcrumb"},"inLanguage":"ca","potentialAction":[{"@type":"ReadAction","target":["https:\/\/www.fundacionmdp.org\/ca\/eventos\/ser-tu-voz-uneix-a-17-artistes-per-un-mon-sense-barreres-per-a-impulsar-sumando-voces\/"]}]},{"@type":"BreadcrumbList","@id":"https:\/\/www.fundacionmdp.org\/ca\/eventos\/ser-tu-voz-uneix-a-17-artistes-per-un-mon-sense-barreres-per-a-impulsar-sumando-voces\/#breadcrumb","itemListElement":[{"@type":"ListItem","position":1,"name":"Home","item":"https:\/\/www.fundacionmdp.org\/ca\/"},{"@type":"ListItem","position":2,"name":"\u2018Ser tu Voz\u2019 uneix a 17 artistes per un m\u00f3n Sense Barreres, per a impulsar \u2018Sumando Voces\u2019\u00a0 \u00a0"}]},{"@type":"WebSite","@id":"https:\/\/www.fundacionmdp.org\/#website","url":"https:\/\/www.fundacionmdp.org\/","name":"Fundaci\u00f3n Mutua de Propietarios","description":"En la Fundaci\u00f3n Mutua de Propietarios te ayudamos a convertir tu edificio de viviendas en un espacio sin barreras arquitect\u00f3nicas.","publisher":{"@id":"https:\/\/www.fundacionmdp.org\/#organization"},"potentialAction":[{"@type":"SearchAction","target":{"@type":"EntryPoint","urlTemplate":"https:\/\/www.fundacionmdp.org\/?s={search_term_string}"},"query-input":{"@type":"PropertyValueSpecification","valueRequired":true,"valueName":"search_term_string"}}],"inLanguage":"ca"},{"@type":"Organization","@id":"https:\/\/www.fundacionmdp.org\/#organization","name":"Fundaci\u00f3n Mutua de Propietarios","url":"https:\/\/www.fundacionmdp.org\/","logo":{"@type":"ImageObject","inLanguage":"ca","@id":"https:\/\/www.fundacionmdp.org\/#\/schema\/logo\/image\/","url":"https:\/\/www.fundacionmdp.org\/wp-content\/uploads\/2023\/05\/logo_FMdP_cat.png","contentUrl":"https:\/\/www.fundacionmdp.org\/wp-content\/uploads\/2023\/05\/logo_FMdP_cat.png","width":655,"height":297,"caption":"Fundaci\u00f3n Mutua de Propietarios"},"image":{"@id":"https:\/\/www.fundacionmdp.org\/#\/schema\/logo\/image\/"}}]}},"_links":{"self":[{"href":"https:\/\/www.fundacionmdp.org\/ca\/wp-json\/wp\/v2\/eventos\/11966","targetHints":{"allow":["GET"]}}],"collection":[{"href":"https:\/\/www.fundacionmdp.org\/ca\/wp-json\/wp\/v2\/eventos"}],"about":[{"href":"https:\/\/www.fundacionmdp.org\/ca\/wp-json\/wp\/v2\/types\/eventos"}],"wp:attachment":[{"href":"https:\/\/www.fundacionmdp.org\/ca\/wp-json\/wp\/v2\/media?parent=11966"}],"curies":[{"name":"wp","href":"https:\/\/api.w.org\/{rel}","templated":true}]}}

‘Ser tu Voz’ uneix a 17 artistes per un món Sense Barreres, per a impulsar ‘Sumando Voces’

<!-- This site is optimized with the Yoast SEO plugin v27.3 - https://yoast.com/product/yoast-seo-wordpress/ -->
<title>‘Ser tu Voz’ uneix a 17 artistes per un món Sense Barreres, per a impulsar ‘Sumando Voces’    - Fundación Mutua de Propietarios</title>
<meta name="robots" content="index, follow, max-snippet:-1, max-image-preview:large, max-video-preview:-1" />
<link rel="canonical" href="https://www.fundacionmdp.org/ca/eventos/ser-tu-voz-uneix-a-17-artistes-per-un-mon-sense-barreres-per-a-impulsar-sumando-voces/" />
<meta property="og:locale" content="ca_ES" />
<meta property="og:type" content="article" />
<meta property="og:title" content="‘Ser tu Voz’ uneix a 17 artistes per un món Sense Barreres, per a impulsar ‘Sumando Voces’    - Fundación Mutua de Propietarios" />
<meta property="og:url" content="https://www.fundacionmdp.org/ca/eventos/ser-tu-voz-uneix-a-17-artistes-per-un-mon-sense-barreres-per-a-impulsar-sumando-voces/" />
<meta property="og:site_name" content="Fundación Mutua de Propietarios" />
<meta name="twitter:card" content="summary_large_image" />
<script type="application/ld+json" class="yoast-schema-graph">{"@context":"https:\/\/schema.org","@graph":[{"@type":"WebPage","@id":"https:\/\/www.fundacionmdp.org\/ca\/eventos\/ser-tu-voz-uneix-a-17-artistes-per-un-mon-sense-barreres-per-a-impulsar-sumando-voces\/","url":"https:\/\/www.fundacionmdp.org\/ca\/eventos\/ser-tu-voz-uneix-a-17-artistes-per-un-mon-sense-barreres-per-a-impulsar-sumando-voces\/","name":"‘Ser tu Voz’ uneix a 17 artistes per un món Sense Barreres, per a impulsar ‘Sumando Voces’    - Fundación Mutua de Propietarios","isPartOf":{"@id":"https:\/\/www.fundacionmdp.org\/#website"},"datePublished":"2025-10-01T12:47:52+00:00","breadcrumb":{"@id":"https:\/\/www.fundacionmdp.org\/ca\/eventos\/ser-tu-voz-uneix-a-17-artistes-per-un-mon-sense-barreres-per-a-impulsar-sumando-voces\/#breadcrumb"},"inLanguage":"ca","potentialAction":[{"@type":"ReadAction","target":["https:\/\/www.fundacionmdp.org\/ca\/eventos\/ser-tu-voz-uneix-a-17-artistes-per-un-mon-sense-barreres-per-a-impulsar-sumando-voces\/"]}]},{"@type":"BreadcrumbList","@id":"https:\/\/www.fundacionmdp.org\/ca\/eventos\/ser-tu-voz-uneix-a-17-artistes-per-un-mon-sense-barreres-per-a-impulsar-sumando-voces\/#breadcrumb","itemListElement":[{"@type":"ListItem","position":1,"name":"Home","item":"https:\/\/www.fundacionmdp.org\/ca\/"},{"@type":"ListItem","position":2,"name":"‘Ser tu Voz’ uneix a 17 artistes per un món Sense Barreres, per a impulsar ‘Sumando Voces’   "}]},{"@type":"WebSite","@id":"https:\/\/www.fundacionmdp.org\/#website","url":"https:\/\/www.fundacionmdp.org\/","name":"Fundación Mutua de Propietarios","description":"En la Fundación Mutua de Propietarios te ayudamos a convertir tu edificio de viviendas en un espacio sin barreras arquitectónicas.","publisher":{"@id":"https:\/\/www.fundacionmdp.org\/#organization"},"potentialAction":[{"@type":"SearchAction","target":{"@type":"EntryPoint","urlTemplate":"https:\/\/www.fundacionmdp.org\/?s={search_term_string}"},"query-input":{"@type":"PropertyValueSpecification","valueRequired":true,"valueName":"search_term_string"}}],"inLanguage":"ca"},{"@type":"Organization","@id":"https:\/\/www.fundacionmdp.org\/#organization","name":"Fundación Mutua de Propietarios","url":"https:\/\/www.fundacionmdp.org\/","logo":{"@type":"ImageObject","inLanguage":"ca","@id":"https:\/\/www.fundacionmdp.org\/#\/schema\/logo\/image\/","url":"https:\/\/www.fundacionmdp.org\/wp-content\/uploads\/2023\/05\/logo_FMdP_cat.png","contentUrl":"https:\/\/www.fundacionmdp.org\/wp-content\/uploads\/2023\/05\/logo_FMdP_cat.png","width":655,"height":297,"caption":"Fundación Mutua de Propietarios"},"image":{"@id":"https:\/\/www.fundacionmdp.org\/#\/schema\/logo\/image\/"}}]}</script>
<!-- / Yoast SEO plugin. -->

‘Ser tu Voz’ uneix a 17 artistes per un món Sense Barreres, per a impulsar ‘Sumando Voces’    - Fundación Mutua de Propietarios

Fundación Mutua de Propietarios

En la Fundación Mutua de Propietarios te ayudamos a convertir tu edificio de viviendas en un espacio sin barreras arquitectónicas.
