{"id":8495,"date":"2023-05-09T12:47:37","date_gmt":"2023-05-09T12:47:37","guid":{"rendered":"http:\/\/108.128.154.120\/eventos\/evento-virtual-una-rampa-3d-hacia-la-accesibilidad-la-solucion-tecnologica-que-da-acceso-a-la-libertad\/"},"modified":"2023-05-22T08:31:21","modified_gmt":"2023-05-22T08:31:21","slug":"esdeveniment-virtual-una-rampa-3d-cap-a-laccessibilitat-la-solucio-tecnologica-que-dona-acces-a-la-llibertat","status":"publish","type":"eventos","link":"https:\/\/www.fundacionmdp.org\/ca\/eventos\/esdeveniment-virtual-una-rampa-3d-cap-a-laccessibilitat-la-solucio-tecnologica-que-dona-acces-a-la-llibertat\/","title":{"rendered":"Esdeveniment virtual: \u201cuna rampa 3D cap a l\u2019accessibilitat: la soluci\u00f3 tecnol\u00f2gica que d\u00f3na acc\u00e9s a la llibertat\u201d"},"content":{"rendered":"","protected":false},"featured_media":8511,"template":"","class_list":["post-8495","eventos","type-eventos","status-publish","has-post-thumbnail","hentry","entry","has-media"],"acf":[],"yoast_head":"<!-- This site is optimized with the Yoast SEO plugin v27.3 - https:\/\/yoast.com\/product\/yoast-seo-wordpress\/ -->\n<title>Esdeveniment virtual: \u201cuna rampa 3D cap a l\u2019accessibilitat: la soluci\u00f3 tecnol\u00f2gica que d\u00f3na acc\u00e9s a la llibertat\u201d - Fundaci\u00f3n Mutua de Propietarios<\/title>\n<meta name=\"robots\" content=\"index, follow, max-snippet:-1, max-image-preview:large, max-video-preview:-1\" \/>\n<link rel=\"canonical\" href=\"https:\/\/www.fundacionmdp.org\/eventos\/evento-virtual-una-rampa-3d-hacia-la-accesibilidad-la-solucion-tecnologica-que-da-acceso-a-la-libertad\/\" \/>\n<meta property=\"og:locale\" content=\"ca_ES\" \/>\n<meta property=\"og:type\" content=\"article\" \/>\n<meta property=\"og:title\" content=\"Esdeveniment virtual: \u201cuna rampa 3D cap a l\u2019accessibilitat: la soluci\u00f3 tecnol\u00f2gica que d\u00f3na acc\u00e9s a la llibertat\u201d - Fundaci\u00f3n Mutua de Propietarios\" \/>\n<meta property=\"og:url\" content=\"https:\/\/www.fundacionmdp.org\/eventos\/evento-virtual-una-rampa-3d-hacia-la-accesibilidad-la-solucion-tecnologica-que-da-acceso-a-la-libertad\/\" \/>\n<meta property=\"og:site_name\" content=\"Fundaci\u00f3n Mutua de Propietarios\" \/>\n<meta property=\"article:modified_time\" content=\"2023-05-22T08:31:21+00:00\" \/>\n<meta property=\"og:image\" content=\"https:\/\/www.fundacionmdp.org\/wp-content\/uploads\/2023\/05\/Invitacion-Fund-MdP-CAT.jpg\" \/>\n\t<meta property=\"og:image:width\" content=\"1749\" \/>\n\t<meta property=\"og:image:height\" content=\"2481\" \/>\n\t<meta property=\"og:image:type\" content=\"image\/jpeg\" \/>\n<meta name=\"twitter:card\" content=\"summary_large_image\" \/>\n<script type=\"application\/ld+json\" class=\"yoast-schema-graph\">{\"@context\":\"https:\\\/\\\/schema.org\",\"@graph\":[{\"@type\":\"WebPage\",\"@id\":\"https:\\\/\\\/www.fundacionmdp.org\\\/eventos\\\/evento-virtual-una-rampa-3d-hacia-la-accesibilidad-la-solucion-tecnologica-que-da-acceso-a-la-libertad\\\/\",\"url\":\"https:\\\/\\\/www.fundacionmdp.org\\\/eventos\\\/evento-virtual-una-rampa-3d-hacia-la-accesibilidad-la-solucion-tecnologica-que-da-acceso-a-la-libertad\\\/\",\"name\":\"Esdeveniment virtual: \u201cuna rampa 3D cap a l\u2019accessibilitat: la soluci\u00f3 tecnol\u00f2gica que d\u00f3na acc\u00e9s a la llibertat\u201d - Fundaci\u00f3n Mutua de Propietarios\",\"isPartOf\":{\"@id\":\"https:\\\/\\\/www.fundacionmdp.org\\\/#website\"},\"primaryImageOfPage\":{\"@id\":\"https:\\\/\\\/www.fundacionmdp.org\\\/eventos\\\/evento-virtual-una-rampa-3d-hacia-la-accesibilidad-la-solucion-tecnologica-que-da-acceso-a-la-libertad\\\/#primaryimage\"},\"image\":{\"@id\":\"https:\\\/\\\/www.fundacionmdp.org\\\/eventos\\\/evento-virtual-una-rampa-3d-hacia-la-accesibilidad-la-solucion-tecnologica-que-da-acceso-a-la-libertad\\\/#primaryimage\"},\"thumbnailUrl\":\"https:\\\/\\\/www.fundacionmdp.org\\\/wp-content\\\/uploads\\\/2023\\\/05\\\/Invitacion-Fund-MdP-CAT.jpg\",\"datePublished\":\"2023-05-09T12:47:37+00:00\",\"dateModified\":\"2023-05-22T08:31:21+00:00\",\"breadcrumb\":{\"@id\":\"https:\\\/\\\/www.fundacionmdp.org\\\/eventos\\\/evento-virtual-una-rampa-3d-hacia-la-accesibilidad-la-solucion-tecnologica-que-da-acceso-a-la-libertad\\\/#breadcrumb\"},\"inLanguage\":\"ca\",\"potentialAction\":[{\"@type\":\"ReadAction\",\"target\":[\"https:\\\/\\\/www.fundacionmdp.org\\\/eventos\\\/evento-virtual-una-rampa-3d-hacia-la-accesibilidad-la-solucion-tecnologica-que-da-acceso-a-la-libertad\\\/\"]}]},{\"@type\":\"ImageObject\",\"inLanguage\":\"ca\",\"@id\":\"https:\\\/\\\/www.fundacionmdp.org\\\/eventos\\\/evento-virtual-una-rampa-3d-hacia-la-accesibilidad-la-solucion-tecnologica-que-da-acceso-a-la-libertad\\\/#primaryimage\",\"url\":\"https:\\\/\\\/www.fundacionmdp.org\\\/wp-content\\\/uploads\\\/2023\\\/05\\\/Invitacion-Fund-MdP-CAT.jpg\",\"contentUrl\":\"https:\\\/\\\/www.fundacionmdp.org\\\/wp-content\\\/uploads\\\/2023\\\/05\\\/Invitacion-Fund-MdP-CAT.jpg\",\"width\":1749,\"height\":2481},{\"@type\":\"BreadcrumbList\",\"@id\":\"https:\\\/\\\/www.fundacionmdp.org\\\/eventos\\\/evento-virtual-una-rampa-3d-hacia-la-accesibilidad-la-solucion-tecnologica-que-da-acceso-a-la-libertad\\\/#breadcrumb\",\"itemListElement\":[{\"@type\":\"ListItem\",\"position\":1,\"name\":\"Home\",\"item\":\"https:\\\/\\\/www.fundacionmdp.org\\\/ca\\\/\"},{\"@type\":\"ListItem\",\"position\":2,\"name\":\"Esdeveniment virtual: \u201cuna rampa 3D cap a l\u2019accessibilitat: la soluci\u00f3 tecnol\u00f2gica que d\u00f3na acc\u00e9s a la llibertat\u201d\"}]},{\"@type\":\"WebSite\",\"@id\":\"https:\\\/\\\/www.fundacionmdp.org\\\/#website\",\"url\":\"https:\\\/\\\/www.fundacionmdp.org\\\/\",\"name\":\"Fundaci\u00f3n Mutua de Propietarios\",\"description\":\"En la Fundaci\u00f3n Mutua de Propietarios te ayudamos a convertir tu edificio de viviendas en un espacio sin barreras arquitect\u00f3nicas.\",\"publisher\":{\"@id\":\"https:\\\/\\\/www.fundacionmdp.org\\\/#organization\"},\"potentialAction\":[{\"@type\":\"SearchAction\",\"target\":{\"@type\":\"EntryPoint\",\"urlTemplate\":\"https:\\\/\\\/www.fundacionmdp.org\\\/?s={search_term_string}\"},\"query-input\":{\"@type\":\"PropertyValueSpecification\",\"valueRequired\":true,\"valueName\":\"search_term_string\"}}],\"inLanguage\":\"ca\"},{\"@type\":\"Organization\",\"@id\":\"https:\\\/\\\/www.fundacionmdp.org\\\/#organization\",\"name\":\"Fundaci\u00f3n Mutua de Propietarios\",\"url\":\"https:\\\/\\\/www.fundacionmdp.org\\\/\",\"logo\":{\"@type\":\"ImageObject\",\"inLanguage\":\"ca\",\"@id\":\"https:\\\/\\\/www.fundacionmdp.org\\\/#\\\/schema\\\/logo\\\/image\\\/\",\"url\":\"https:\\\/\\\/www.fundacionmdp.org\\\/wp-content\\\/uploads\\\/2023\\\/05\\\/logo_FMdP_cat.png\",\"contentUrl\":\"https:\\\/\\\/www.fundacionmdp.org\\\/wp-content\\\/uploads\\\/2023\\\/05\\\/logo_FMdP_cat.png\",\"width\":655,\"height\":297,\"caption\":\"Fundaci\u00f3n Mutua de Propietarios\"},\"image\":{\"@id\":\"https:\\\/\\\/www.fundacionmdp.org\\\/#\\\/schema\\\/logo\\\/image\\\/\"}}]}<\/script>\n<!-- \/ Yoast SEO plugin. -->","yoast_head_json":{"title":"Esdeveniment virtual: \u201cuna rampa 3D cap a l\u2019accessibilitat: la soluci\u00f3 tecnol\u00f2gica que d\u00f3na acc\u00e9s a la llibertat\u201d - Fundaci\u00f3n Mutua de Propietarios","robots":{"index":"index","follow":"follow","max-snippet":"max-snippet:-1","max-image-preview":"max-image-preview:large","max-video-preview":"max-video-preview:-1"},"canonical":"https:\/\/www.fundacionmdp.org\/eventos\/evento-virtual-una-rampa-3d-hacia-la-accesibilidad-la-solucion-tecnologica-que-da-acceso-a-la-libertad\/","og_locale":"ca_ES","og_type":"article","og_title":"Esdeveniment virtual: \u201cuna rampa 3D cap a l\u2019accessibilitat: la soluci\u00f3 tecnol\u00f2gica que d\u00f3na acc\u00e9s a la llibertat\u201d - Fundaci\u00f3n Mutua de Propietarios","og_url":"https:\/\/www.fundacionmdp.org\/eventos\/evento-virtual-una-rampa-3d-hacia-la-accesibilidad-la-solucion-tecnologica-que-da-acceso-a-la-libertad\/","og_site_name":"Fundaci\u00f3n Mutua de Propietarios","article_modified_time":"2023-05-22T08:31:21+00:00","og_image":[{"width":1749,"height":2481,"url":"https:\/\/www.fundacionmdp.org\/wp-content\/uploads\/2023\/05\/Invitacion-Fund-MdP-CAT.jpg","type":"image\/jpeg"}],"twitter_card":"summary_large_image","schema":{"@context":"https:\/\/schema.org","@graph":[{"@type":"WebPage","@id":"https:\/\/www.fundacionmdp.org\/eventos\/evento-virtual-una-rampa-3d-hacia-la-accesibilidad-la-solucion-tecnologica-que-da-acceso-a-la-libertad\/","url":"https:\/\/www.fundacionmdp.org\/eventos\/evento-virtual-una-rampa-3d-hacia-la-accesibilidad-la-solucion-tecnologica-que-da-acceso-a-la-libertad\/","name":"Esdeveniment virtual: \u201cuna rampa 3D cap a l\u2019accessibilitat: la soluci\u00f3 tecnol\u00f2gica que d\u00f3na acc\u00e9s a la llibertat\u201d - Fundaci\u00f3n Mutua de Propietarios","isPartOf":{"@id":"https:\/\/www.fundacionmdp.org\/#website"},"primaryImageOfPage":{"@id":"https:\/\/www.fundacionmdp.org\/eventos\/evento-virtual-una-rampa-3d-hacia-la-accesibilidad-la-solucion-tecnologica-que-da-acceso-a-la-libertad\/#primaryimage"},"image":{"@id":"https:\/\/www.fundacionmdp.org\/eventos\/evento-virtual-una-rampa-3d-hacia-la-accesibilidad-la-solucion-tecnologica-que-da-acceso-a-la-libertad\/#primaryimage"},"thumbnailUrl":"https:\/\/www.fundacionmdp.org\/wp-content\/uploads\/2023\/05\/Invitacion-Fund-MdP-CAT.jpg","datePublished":"2023-05-09T12:47:37+00:00","dateModified":"2023-05-22T08:31:21+00:00","breadcrumb":{"@id":"https:\/\/www.fundacionmdp.org\/eventos\/evento-virtual-una-rampa-3d-hacia-la-accesibilidad-la-solucion-tecnologica-que-da-acceso-a-la-libertad\/#breadcrumb"},"inLanguage":"ca","potentialAction":[{"@type":"ReadAction","target":["https:\/\/www.fundacionmdp.org\/eventos\/evento-virtual-una-rampa-3d-hacia-la-accesibilidad-la-solucion-tecnologica-que-da-acceso-a-la-libertad\/"]}]},{"@type":"ImageObject","inLanguage":"ca","@id":"https:\/\/www.fundacionmdp.org\/eventos\/evento-virtual-una-rampa-3d-hacia-la-accesibilidad-la-solucion-tecnologica-que-da-acceso-a-la-libertad\/#primaryimage","url":"https:\/\/www.fundacionmdp.org\/wp-content\/uploads\/2023\/05\/Invitacion-Fund-MdP-CAT.jpg","contentUrl":"https:\/\/www.fundacionmdp.org\/wp-content\/uploads\/2023\/05\/Invitacion-Fund-MdP-CAT.jpg","width":1749,"height":2481},{"@type":"BreadcrumbList","@id":"https:\/\/www.fundacionmdp.org\/eventos\/evento-virtual-una-rampa-3d-hacia-la-accesibilidad-la-solucion-tecnologica-que-da-acceso-a-la-libertad\/#breadcrumb","itemListElement":[{"@type":"ListItem","position":1,"name":"Home","item":"https:\/\/www.fundacionmdp.org\/ca\/"},{"@type":"ListItem","position":2,"name":"Esdeveniment virtual: \u201cuna rampa 3D cap a l\u2019accessibilitat: la soluci\u00f3 tecnol\u00f2gica que d\u00f3na acc\u00e9s a la llibertat\u201d"}]},{"@type":"WebSite","@id":"https:\/\/www.fundacionmdp.org\/#website","url":"https:\/\/www.fundacionmdp.org\/","name":"Fundaci\u00f3n Mutua de Propietarios","description":"En la Fundaci\u00f3n Mutua de Propietarios te ayudamos a convertir tu edificio de viviendas en un espacio sin barreras arquitect\u00f3nicas.","publisher":{"@id":"https:\/\/www.fundacionmdp.org\/#organization"},"potentialAction":[{"@type":"SearchAction","target":{"@type":"EntryPoint","urlTemplate":"https:\/\/www.fundacionmdp.org\/?s={search_term_string}"},"query-input":{"@type":"PropertyValueSpecification","valueRequired":true,"valueName":"search_term_string"}}],"inLanguage":"ca"},{"@type":"Organization","@id":"https:\/\/www.fundacionmdp.org\/#organization","name":"Fundaci\u00f3n Mutua de Propietarios","url":"https:\/\/www.fundacionmdp.org\/","logo":{"@type":"ImageObject","inLanguage":"ca","@id":"https:\/\/www.fundacionmdp.org\/#\/schema\/logo\/image\/","url":"https:\/\/www.fundacionmdp.org\/wp-content\/uploads\/2023\/05\/logo_FMdP_cat.png","contentUrl":"https:\/\/www.fundacionmdp.org\/wp-content\/uploads\/2023\/05\/logo_FMdP_cat.png","width":655,"height":297,"caption":"Fundaci\u00f3n Mutua de Propietarios"},"image":{"@id":"https:\/\/www.fundacionmdp.org\/#\/schema\/logo\/image\/"}}]}},"_links":{"self":[{"href":"https:\/\/www.fundacionmdp.org\/ca\/wp-json\/wp\/v2\/eventos\/8495","targetHints":{"allow":["GET"]}}],"collection":[{"href":"https:\/\/www.fundacionmdp.org\/ca\/wp-json\/wp\/v2\/eventos"}],"about":[{"href":"https:\/\/www.fundacionmdp.org\/ca\/wp-json\/wp\/v2\/types\/eventos"}],"wp:featuredmedia":[{"embeddable":true,"href":"https:\/\/www.fundacionmdp.org\/ca\/wp-json\/wp\/v2\/media\/8511"}],"wp:attachment":[{"href":"https:\/\/www.fundacionmdp.org\/ca\/wp-json\/wp\/v2\/media?parent=8495"}],"curies":[{"name":"wp","href":"https:\/\/api.w.org\/{rel}","templated":true}]}}

Esdeveniment virtual: “una rampa 3D cap a l’accessibilitat: la solució tecnològica que dóna accés a la llibertat”

<!-- This site is optimized with the Yoast SEO plugin v27.3 - https://yoast.com/product/yoast-seo-wordpress/ -->
<title>Esdeveniment virtual: “una rampa 3D cap a l’accessibilitat: la solució tecnològica que dóna accés a la llibertat” - Fundación Mutua de Propietarios</title>
<meta name="robots" content="index, follow, max-snippet:-1, max-image-preview:large, max-video-preview:-1" />
<link rel="canonical" href="https://www.fundacionmdp.org/eventos/evento-virtual-una-rampa-3d-hacia-la-accesibilidad-la-solucion-tecnologica-que-da-acceso-a-la-libertad/" />
<meta property="og:locale" content="ca_ES" />
<meta property="og:type" content="article" />
<meta property="og:title" content="Esdeveniment virtual: “una rampa 3D cap a l’accessibilitat: la solució tecnològica que dóna accés a la llibertat” - Fundación Mutua de Propietarios" />
<meta property="og:url" content="https://www.fundacionmdp.org/eventos/evento-virtual-una-rampa-3d-hacia-la-accesibilidad-la-solucion-tecnologica-que-da-acceso-a-la-libertad/" />
<meta property="og:site_name" content="Fundación Mutua de Propietarios" />
<meta property="article:modified_time" content="2023-05-22T08:31:21+00:00" />
<meta property="og:image" content="https://www.fundacionmdp.org/wp-content/uploads/2023/05/Invitacion-Fund-MdP-CAT.jpg" />
	<meta property="og:image:width" content="1749" />
	<meta property="og:image:height" content="2481" />
	<meta property="og:image:type" content="image/jpeg" />
<meta name="twitter:card" content="summary_large_image" />
<script type="application/ld+json" class="yoast-schema-graph">{"@context":"https:\/\/schema.org","@graph":[{"@type":"WebPage","@id":"https:\/\/www.fundacionmdp.org\/eventos\/evento-virtual-una-rampa-3d-hacia-la-accesibilidad-la-solucion-tecnologica-que-da-acceso-a-la-libertad\/","url":"https:\/\/www.fundacionmdp.org\/eventos\/evento-virtual-una-rampa-3d-hacia-la-accesibilidad-la-solucion-tecnologica-que-da-acceso-a-la-libertad\/","name":"Esdeveniment virtual: “una rampa 3D cap a l’accessibilitat: la solució tecnològica que dóna accés a la llibertat” - Fundación Mutua de Propietarios","isPartOf":{"@id":"https:\/\/www.fundacionmdp.org\/#website"},"primaryImageOfPage":{"@id":"https:\/\/www.fundacionmdp.org\/eventos\/evento-virtual-una-rampa-3d-hacia-la-accesibilidad-la-solucion-tecnologica-que-da-acceso-a-la-libertad\/#primaryimage"},"image":{"@id":"https:\/\/www.fundacionmdp.org\/eventos\/evento-virtual-una-rampa-3d-hacia-la-accesibilidad-la-solucion-tecnologica-que-da-acceso-a-la-libertad\/#primaryimage"},"thumbnailUrl":"https:\/\/www.fundacionmdp.org\/wp-content\/uploads\/2023\/05\/Invitacion-Fund-MdP-CAT.jpg","datePublished":"2023-05-09T12:47:37+00:00","dateModified":"2023-05-22T08:31:21+00:00","breadcrumb":{"@id":"https:\/\/www.fundacionmdp.org\/eventos\/evento-virtual-una-rampa-3d-hacia-la-accesibilidad-la-solucion-tecnologica-que-da-acceso-a-la-libertad\/#breadcrumb"},"inLanguage":"ca","potentialAction":[{"@type":"ReadAction","target":["https:\/\/www.fundacionmdp.org\/eventos\/evento-virtual-una-rampa-3d-hacia-la-accesibilidad-la-solucion-tecnologica-que-da-acceso-a-la-libertad\/"]}]},{"@type":"ImageObject","inLanguage":"ca","@id":"https:\/\/www.fundacionmdp.org\/eventos\/evento-virtual-una-rampa-3d-hacia-la-accesibilidad-la-solucion-tecnologica-que-da-acceso-a-la-libertad\/#primaryimage","url":"https:\/\/www.fundacionmdp.org\/wp-content\/uploads\/2023\/05\/Invitacion-Fund-MdP-CAT.jpg","contentUrl":"https:\/\/www.fundacionmdp.org\/wp-content\/uploads\/2023\/05\/Invitacion-Fund-MdP-CAT.jpg","width":1749,"height":2481},{"@type":"BreadcrumbList","@id":"https:\/\/www.fundacionmdp.org\/eventos\/evento-virtual-una-rampa-3d-hacia-la-accesibilidad-la-solucion-tecnologica-que-da-acceso-a-la-libertad\/#breadcrumb","itemListElement":[{"@type":"ListItem","position":1,"name":"Home","item":"https:\/\/www.fundacionmdp.org\/ca\/"},{"@type":"ListItem","position":2,"name":"Esdeveniment virtual: “una rampa 3D cap a l’accessibilitat: la solució tecnològica que dóna accés a la llibertat”"}]},{"@type":"WebSite","@id":"https:\/\/www.fundacionmdp.org\/#website","url":"https:\/\/www.fundacionmdp.org\/","name":"Fundación Mutua de Propietarios","description":"En la Fundación Mutua de Propietarios te ayudamos a convertir tu edificio de viviendas en un espacio sin barreras arquitectónicas.","publisher":{"@id":"https:\/\/www.fundacionmdp.org\/#organization"},"potentialAction":[{"@type":"SearchAction","target":{"@type":"EntryPoint","urlTemplate":"https:\/\/www.fundacionmdp.org\/?s={search_term_string}"},"query-input":{"@type":"PropertyValueSpecification","valueRequired":true,"valueName":"search_term_string"}}],"inLanguage":"ca"},{"@type":"Organization","@id":"https:\/\/www.fundacionmdp.org\/#organization","name":"Fundación Mutua de Propietarios","url":"https:\/\/www.fundacionmdp.org\/","logo":{"@type":"ImageObject","inLanguage":"ca","@id":"https:\/\/www.fundacionmdp.org\/#\/schema\/logo\/image\/","url":"https:\/\/www.fundacionmdp.org\/wp-content\/uploads\/2023\/05\/logo_FMdP_cat.png","contentUrl":"https:\/\/www.fundacionmdp.org\/wp-content\/uploads\/2023\/05\/logo_FMdP_cat.png","width":655,"height":297,"caption":"Fundación Mutua de Propietarios"},"image":{"@id":"https:\/\/www.fundacionmdp.org\/#\/schema\/logo\/image\/"}}]}</script>
<!-- / Yoast SEO plugin. -->

Esdeveniment virtual: “una rampa 3D cap a l’accessibilitat: la solució tecnològica que dóna accés a la llibertat” - Fundación Mutua de Propietarios

Fundación Mutua de Propietarios

En la Fundación Mutua de Propietarios te ayudamos a convertir tu edificio de viviendas en un espacio sin barreras arquitectónicas.
