{"id":9903,"date":"2024-04-25T10:55:01","date_gmt":"2024-04-25T08:55:01","guid":{"rendered":"https:\/\/www.fundacionmdp.org\/?post_type=eventos&#038;p=9903"},"modified":"2024-04-25T10:55:13","modified_gmt":"2024-04-25T08:55:13","slug":"participacio-en-cnaf-a-alacant-amb-una-experiencia-immersiva-en-accessibilitat-virtual-als-edificis-dhabitatges","status":"publish","type":"eventos","link":"https:\/\/www.fundacionmdp.org\/ca\/eventos\/participacio-en-cnaf-a-alacant-amb-una-experiencia-immersiva-en-accessibilitat-virtual-als-edificis-dhabitatges\/","title":{"rendered":"Participaci\u00f3 en CNAF a Alacant amb una experi\u00e8ncia immersiva en &#8220;Accessibilitat virtual als edificis d&#8217;habitatges&#8221;"},"content":{"rendered":"","protected":false},"featured_media":0,"template":"","class_list":["post-9903","eventos","type-eventos","status-publish","hentry","entry"],"acf":[],"yoast_head":"<!-- This site is optimized with the Yoast SEO plugin v27.3 - https:\/\/yoast.com\/product\/yoast-seo-wordpress\/ -->\n<title>Participaci\u00f3 en CNAF a Alacant amb una experi\u00e8ncia immersiva en &quot;Accessibilitat virtual als edificis d&#039;habitatges&quot; - Fundaci\u00f3n Mutua de Propietarios<\/title>\n<meta name=\"robots\" content=\"index, follow, max-snippet:-1, max-image-preview:large, max-video-preview:-1\" \/>\n<link rel=\"canonical\" href=\"https:\/\/www.fundacionmdp.org\/eventos\/participacion-en-cnaf-en-alicante-con-una-experiencia-inmersiva-en-accesibilidad-virtual-a-los-edificios-de-viviendas\/\" \/>\n<meta property=\"og:locale\" content=\"ca_ES\" \/>\n<meta property=\"og:type\" content=\"article\" \/>\n<meta property=\"og:title\" content=\"Participaci\u00f3 en CNAF a Alacant amb una experi\u00e8ncia immersiva en &quot;Accessibilitat virtual als edificis d&#039;habitatges&quot; - Fundaci\u00f3n Mutua de Propietarios\" \/>\n<meta property=\"og:url\" content=\"https:\/\/www.fundacionmdp.org\/eventos\/participacion-en-cnaf-en-alicante-con-una-experiencia-inmersiva-en-accesibilidad-virtual-a-los-edificios-de-viviendas\/\" \/>\n<meta property=\"og:site_name\" content=\"Fundaci\u00f3n Mutua de Propietarios\" \/>\n<meta property=\"article:modified_time\" content=\"2024-04-25T08:55:13+00:00\" \/>\n<meta name=\"twitter:card\" content=\"summary_large_image\" \/>\n<script type=\"application\/ld+json\" class=\"yoast-schema-graph\">{\"@context\":\"https:\\\/\\\/schema.org\",\"@graph\":[{\"@type\":\"WebPage\",\"@id\":\"https:\\\/\\\/www.fundacionmdp.org\\\/eventos\\\/participacion-en-cnaf-en-alicante-con-una-experiencia-inmersiva-en-accesibilidad-virtual-a-los-edificios-de-viviendas\\\/\",\"url\":\"https:\\\/\\\/www.fundacionmdp.org\\\/eventos\\\/participacion-en-cnaf-en-alicante-con-una-experiencia-inmersiva-en-accesibilidad-virtual-a-los-edificios-de-viviendas\\\/\",\"name\":\"Participaci\u00f3 en CNAF a Alacant amb una experi\u00e8ncia immersiva en \\\"Accessibilitat virtual als edificis d'habitatges\\\" - Fundaci\u00f3n Mutua de Propietarios\",\"isPartOf\":{\"@id\":\"https:\\\/\\\/www.fundacionmdp.org\\\/#website\"},\"datePublished\":\"2024-04-25T08:55:01+00:00\",\"dateModified\":\"2024-04-25T08:55:13+00:00\",\"breadcrumb\":{\"@id\":\"https:\\\/\\\/www.fundacionmdp.org\\\/eventos\\\/participacion-en-cnaf-en-alicante-con-una-experiencia-inmersiva-en-accesibilidad-virtual-a-los-edificios-de-viviendas\\\/#breadcrumb\"},\"inLanguage\":\"ca\",\"potentialAction\":[{\"@type\":\"ReadAction\",\"target\":[\"https:\\\/\\\/www.fundacionmdp.org\\\/eventos\\\/participacion-en-cnaf-en-alicante-con-una-experiencia-inmersiva-en-accesibilidad-virtual-a-los-edificios-de-viviendas\\\/\"]}]},{\"@type\":\"BreadcrumbList\",\"@id\":\"https:\\\/\\\/www.fundacionmdp.org\\\/eventos\\\/participacion-en-cnaf-en-alicante-con-una-experiencia-inmersiva-en-accesibilidad-virtual-a-los-edificios-de-viviendas\\\/#breadcrumb\",\"itemListElement\":[{\"@type\":\"ListItem\",\"position\":1,\"name\":\"Home\",\"item\":\"https:\\\/\\\/www.fundacionmdp.org\\\/ca\\\/\"},{\"@type\":\"ListItem\",\"position\":2,\"name\":\"Participaci\u00f3 en CNAF a Alacant amb una experi\u00e8ncia immersiva en \u00abAccessibilitat virtual als edificis d&#8217;habitatges\u00bb\"}]},{\"@type\":\"WebSite\",\"@id\":\"https:\\\/\\\/www.fundacionmdp.org\\\/#website\",\"url\":\"https:\\\/\\\/www.fundacionmdp.org\\\/\",\"name\":\"Fundaci\u00f3n Mutua de Propietarios\",\"description\":\"En la Fundaci\u00f3n Mutua de Propietarios te ayudamos a convertir tu edificio de viviendas en un espacio sin barreras arquitect\u00f3nicas.\",\"publisher\":{\"@id\":\"https:\\\/\\\/www.fundacionmdp.org\\\/#organization\"},\"potentialAction\":[{\"@type\":\"SearchAction\",\"target\":{\"@type\":\"EntryPoint\",\"urlTemplate\":\"https:\\\/\\\/www.fundacionmdp.org\\\/?s={search_term_string}\"},\"query-input\":{\"@type\":\"PropertyValueSpecification\",\"valueRequired\":true,\"valueName\":\"search_term_string\"}}],\"inLanguage\":\"ca\"},{\"@type\":\"Organization\",\"@id\":\"https:\\\/\\\/www.fundacionmdp.org\\\/#organization\",\"name\":\"Fundaci\u00f3n Mutua de Propietarios\",\"url\":\"https:\\\/\\\/www.fundacionmdp.org\\\/\",\"logo\":{\"@type\":\"ImageObject\",\"inLanguage\":\"ca\",\"@id\":\"https:\\\/\\\/www.fundacionmdp.org\\\/#\\\/schema\\\/logo\\\/image\\\/\",\"url\":\"https:\\\/\\\/www.fundacionmdp.org\\\/wp-content\\\/uploads\\\/2023\\\/05\\\/logo_FMdP_cat.png\",\"contentUrl\":\"https:\\\/\\\/www.fundacionmdp.org\\\/wp-content\\\/uploads\\\/2023\\\/05\\\/logo_FMdP_cat.png\",\"width\":655,\"height\":297,\"caption\":\"Fundaci\u00f3n Mutua de Propietarios\"},\"image\":{\"@id\":\"https:\\\/\\\/www.fundacionmdp.org\\\/#\\\/schema\\\/logo\\\/image\\\/\"}}]}<\/script>\n<!-- \/ Yoast SEO plugin. -->","yoast_head_json":{"title":"Participaci\u00f3 en CNAF a Alacant amb una experi\u00e8ncia immersiva en \"Accessibilitat virtual als edificis d'habitatges\" - Fundaci\u00f3n Mutua de Propietarios","robots":{"index":"index","follow":"follow","max-snippet":"max-snippet:-1","max-image-preview":"max-image-preview:large","max-video-preview":"max-video-preview:-1"},"canonical":"https:\/\/www.fundacionmdp.org\/eventos\/participacion-en-cnaf-en-alicante-con-una-experiencia-inmersiva-en-accesibilidad-virtual-a-los-edificios-de-viviendas\/","og_locale":"ca_ES","og_type":"article","og_title":"Participaci\u00f3 en CNAF a Alacant amb una experi\u00e8ncia immersiva en \"Accessibilitat virtual als edificis d'habitatges\" - Fundaci\u00f3n Mutua de Propietarios","og_url":"https:\/\/www.fundacionmdp.org\/eventos\/participacion-en-cnaf-en-alicante-con-una-experiencia-inmersiva-en-accesibilidad-virtual-a-los-edificios-de-viviendas\/","og_site_name":"Fundaci\u00f3n Mutua de Propietarios","article_modified_time":"2024-04-25T08:55:13+00:00","twitter_card":"summary_large_image","schema":{"@context":"https:\/\/schema.org","@graph":[{"@type":"WebPage","@id":"https:\/\/www.fundacionmdp.org\/eventos\/participacion-en-cnaf-en-alicante-con-una-experiencia-inmersiva-en-accesibilidad-virtual-a-los-edificios-de-viviendas\/","url":"https:\/\/www.fundacionmdp.org\/eventos\/participacion-en-cnaf-en-alicante-con-una-experiencia-inmersiva-en-accesibilidad-virtual-a-los-edificios-de-viviendas\/","name":"Participaci\u00f3 en CNAF a Alacant amb una experi\u00e8ncia immersiva en \"Accessibilitat virtual als edificis d'habitatges\" - Fundaci\u00f3n Mutua de Propietarios","isPartOf":{"@id":"https:\/\/www.fundacionmdp.org\/#website"},"datePublished":"2024-04-25T08:55:01+00:00","dateModified":"2024-04-25T08:55:13+00:00","breadcrumb":{"@id":"https:\/\/www.fundacionmdp.org\/eventos\/participacion-en-cnaf-en-alicante-con-una-experiencia-inmersiva-en-accesibilidad-virtual-a-los-edificios-de-viviendas\/#breadcrumb"},"inLanguage":"ca","potentialAction":[{"@type":"ReadAction","target":["https:\/\/www.fundacionmdp.org\/eventos\/participacion-en-cnaf-en-alicante-con-una-experiencia-inmersiva-en-accesibilidad-virtual-a-los-edificios-de-viviendas\/"]}]},{"@type":"BreadcrumbList","@id":"https:\/\/www.fundacionmdp.org\/eventos\/participacion-en-cnaf-en-alicante-con-una-experiencia-inmersiva-en-accesibilidad-virtual-a-los-edificios-de-viviendas\/#breadcrumb","itemListElement":[{"@type":"ListItem","position":1,"name":"Home","item":"https:\/\/www.fundacionmdp.org\/ca\/"},{"@type":"ListItem","position":2,"name":"Participaci\u00f3 en CNAF a Alacant amb una experi\u00e8ncia immersiva en \u00abAccessibilitat virtual als edificis d&#8217;habitatges\u00bb"}]},{"@type":"WebSite","@id":"https:\/\/www.fundacionmdp.org\/#website","url":"https:\/\/www.fundacionmdp.org\/","name":"Fundaci\u00f3n Mutua de Propietarios","description":"En la Fundaci\u00f3n Mutua de Propietarios te ayudamos a convertir tu edificio de viviendas en un espacio sin barreras arquitect\u00f3nicas.","publisher":{"@id":"https:\/\/www.fundacionmdp.org\/#organization"},"potentialAction":[{"@type":"SearchAction","target":{"@type":"EntryPoint","urlTemplate":"https:\/\/www.fundacionmdp.org\/?s={search_term_string}"},"query-input":{"@type":"PropertyValueSpecification","valueRequired":true,"valueName":"search_term_string"}}],"inLanguage":"ca"},{"@type":"Organization","@id":"https:\/\/www.fundacionmdp.org\/#organization","name":"Fundaci\u00f3n Mutua de Propietarios","url":"https:\/\/www.fundacionmdp.org\/","logo":{"@type":"ImageObject","inLanguage":"ca","@id":"https:\/\/www.fundacionmdp.org\/#\/schema\/logo\/image\/","url":"https:\/\/www.fundacionmdp.org\/wp-content\/uploads\/2023\/05\/logo_FMdP_cat.png","contentUrl":"https:\/\/www.fundacionmdp.org\/wp-content\/uploads\/2023\/05\/logo_FMdP_cat.png","width":655,"height":297,"caption":"Fundaci\u00f3n Mutua de Propietarios"},"image":{"@id":"https:\/\/www.fundacionmdp.org\/#\/schema\/logo\/image\/"}}]}},"_links":{"self":[{"href":"https:\/\/www.fundacionmdp.org\/ca\/wp-json\/wp\/v2\/eventos\/9903","targetHints":{"allow":["GET"]}}],"collection":[{"href":"https:\/\/www.fundacionmdp.org\/ca\/wp-json\/wp\/v2\/eventos"}],"about":[{"href":"https:\/\/www.fundacionmdp.org\/ca\/wp-json\/wp\/v2\/types\/eventos"}],"wp:attachment":[{"href":"https:\/\/www.fundacionmdp.org\/ca\/wp-json\/wp\/v2\/media?parent=9903"}],"curies":[{"name":"wp","href":"https:\/\/api.w.org\/{rel}","templated":true}]}}

Participació en CNAF a Alacant amb una experiència immersiva en &#8220;Accessibilitat virtual als edificis d&#8217;habitatges&#8221;

<!-- This site is optimized with the Yoast SEO plugin v27.3 - https://yoast.com/product/yoast-seo-wordpress/ -->
<title>Participació en CNAF a Alacant amb una experiència immersiva en &quot;Accessibilitat virtual als edificis d&#039;habitatges&quot; - Fundación Mutua de Propietarios</title>
<meta name="robots" content="index, follow, max-snippet:-1, max-image-preview:large, max-video-preview:-1" />
<link rel="canonical" href="https://www.fundacionmdp.org/eventos/participacion-en-cnaf-en-alicante-con-una-experiencia-inmersiva-en-accesibilidad-virtual-a-los-edificios-de-viviendas/" />
<meta property="og:locale" content="ca_ES" />
<meta property="og:type" content="article" />
<meta property="og:title" content="Participació en CNAF a Alacant amb una experiència immersiva en &quot;Accessibilitat virtual als edificis d&#039;habitatges&quot; - Fundación Mutua de Propietarios" />
<meta property="og:url" content="https://www.fundacionmdp.org/eventos/participacion-en-cnaf-en-alicante-con-una-experiencia-inmersiva-en-accesibilidad-virtual-a-los-edificios-de-viviendas/" />
<meta property="og:site_name" content="Fundación Mutua de Propietarios" />
<meta property="article:modified_time" content="2024-04-25T08:55:13+00:00" />
<meta name="twitter:card" content="summary_large_image" />
<script type="application/ld+json" class="yoast-schema-graph">{"@context":"https:\/\/schema.org","@graph":[{"@type":"WebPage","@id":"https:\/\/www.fundacionmdp.org\/eventos\/participacion-en-cnaf-en-alicante-con-una-experiencia-inmersiva-en-accesibilidad-virtual-a-los-edificios-de-viviendas\/","url":"https:\/\/www.fundacionmdp.org\/eventos\/participacion-en-cnaf-en-alicante-con-una-experiencia-inmersiva-en-accesibilidad-virtual-a-los-edificios-de-viviendas\/","name":"Participació en CNAF a Alacant amb una experiència immersiva en \"Accessibilitat virtual als edificis d'habitatges\" - Fundación Mutua de Propietarios","isPartOf":{"@id":"https:\/\/www.fundacionmdp.org\/#website"},"datePublished":"2024-04-25T08:55:01+00:00","dateModified":"2024-04-25T08:55:13+00:00","breadcrumb":{"@id":"https:\/\/www.fundacionmdp.org\/eventos\/participacion-en-cnaf-en-alicante-con-una-experiencia-inmersiva-en-accesibilidad-virtual-a-los-edificios-de-viviendas\/#breadcrumb"},"inLanguage":"ca","potentialAction":[{"@type":"ReadAction","target":["https:\/\/www.fundacionmdp.org\/eventos\/participacion-en-cnaf-en-alicante-con-una-experiencia-inmersiva-en-accesibilidad-virtual-a-los-edificios-de-viviendas\/"]}]},{"@type":"BreadcrumbList","@id":"https:\/\/www.fundacionmdp.org\/eventos\/participacion-en-cnaf-en-alicante-con-una-experiencia-inmersiva-en-accesibilidad-virtual-a-los-edificios-de-viviendas\/#breadcrumb","itemListElement":[{"@type":"ListItem","position":1,"name":"Home","item":"https:\/\/www.fundacionmdp.org\/ca\/"},{"@type":"ListItem","position":2,"name":"Participació en CNAF a Alacant amb una experiència immersiva en «Accessibilitat virtual als edificis d&#8217;habitatges»"}]},{"@type":"WebSite","@id":"https:\/\/www.fundacionmdp.org\/#website","url":"https:\/\/www.fundacionmdp.org\/","name":"Fundación Mutua de Propietarios","description":"En la Fundación Mutua de Propietarios te ayudamos a convertir tu edificio de viviendas en un espacio sin barreras arquitectónicas.","publisher":{"@id":"https:\/\/www.fundacionmdp.org\/#organization"},"potentialAction":[{"@type":"SearchAction","target":{"@type":"EntryPoint","urlTemplate":"https:\/\/www.fundacionmdp.org\/?s={search_term_string}"},"query-input":{"@type":"PropertyValueSpecification","valueRequired":true,"valueName":"search_term_string"}}],"inLanguage":"ca"},{"@type":"Organization","@id":"https:\/\/www.fundacionmdp.org\/#organization","name":"Fundación Mutua de Propietarios","url":"https:\/\/www.fundacionmdp.org\/","logo":{"@type":"ImageObject","inLanguage":"ca","@id":"https:\/\/www.fundacionmdp.org\/#\/schema\/logo\/image\/","url":"https:\/\/www.fundacionmdp.org\/wp-content\/uploads\/2023\/05\/logo_FMdP_cat.png","contentUrl":"https:\/\/www.fundacionmdp.org\/wp-content\/uploads\/2023\/05\/logo_FMdP_cat.png","width":655,"height":297,"caption":"Fundación Mutua de Propietarios"},"image":{"@id":"https:\/\/www.fundacionmdp.org\/#\/schema\/logo\/image\/"}}]}</script>
<!-- / Yoast SEO plugin. -->

Participació en CNAF a Alacant amb una experiència immersiva en "Accessibilitat virtual als edificis d'habitatges" - Fundación Mutua de Propietarios

Fundación Mutua de Propietarios

Participació en CNAF a Alacant amb una experiència immersiva en «Accessibilitat virtual als edificis d&#8217;habitatges»

En la Fundación Mutua de Propietarios te ayudamos a convertir tu edificio de viviendas en un espacio sin barreras arquitectónicas.
